e remainder when 79 is divided by s/(-20) - 3/5.
19
Suppose -c + 26 = u - 46, 4*u - 253 = 3*c. What is the remainder when u is divided by 14?
11
Suppose -d + 5*m = 2*m - 23, 0 = d + m - 19. Calculate the remainder when 198 is divided by d.
18
Let j(n) = 2*n + 25. Let f be (-4)/8*4 - -5. Suppose 9 = g - f*r, 3*r + 3 = g - 2*r. Calculate the remainder when g is divided by j(-11).
0
Calculate the remainder when 33 - 0/(7 + -9) is divided by 9.
6
Let b(z) = 3*z**2 + 5*z - 4. Let l(w) = -7*w**2 - 9*w + 8. Let i = 3 + 1. Let o(s) = i*l(s) + 9*b(s). What is the remainder when 9 is divided by o(8)?
1
Suppose -2*x + 4*w + 0*w - 8 = 0, -4*x + 3*w = -4. Let a be ((-8)/14)/(x/(-14)). Suppose 0 = 3*v - a*v - 15. Calculate the remainder when 55 is divided by v.
10
Let l(n) be the first derivative of -n**4/4 + 4*n**3 - 17*n**2/2 - 12*n - 25. What is the remainder when 35 is divided by l(10)?
17
Let w = 351 + -151. Suppose -6*y = -y - w. Suppose 46 + y = 2*d. What is the remainder when d is divided by 9?
7
Let v = 3 + -16. Let d = -8 - v. Suppose 15 + 0 = d*r. Calculate the remainder when 4 is divided by r.
1
Suppose -4*h - 15 = -143. Let r = 19 - 15. Suppose 6*x + 78 = p + 2*x, r = -x. Calculate the remainder when p is divided by h.
30
Let h = -11 + 11. Suppose 4*a + q = -h*a + 40, 4*a = q + 40. Calculate the remainder when 59 is divided by a.
9
Let v(t) = -63*t - 552. What is the remainder when 116 is divided by v(-9)?
11
Let f(v) = -v**3 - v**2 + 3*v + 18. Let g(j) = 4*j**2 + j. What is the remainder when f(0) is divided by g(1)?
3
Let w(d) = -12*d - 35. What is the remainder when 90 is divided by w(-4)?
12
Let d(z) = -z**3 + z + 47. Calculate the remainder when 187 is divided by d(0).
46
Suppose -3*c + 5 + 1 = 0. Suppose 4*q = -4*x + 144, -c*q + 170 = 5*x + q. What is the remainder when x is divided by 8?
7
Let k = 5 - 2. Suppose 3 = -5*m + p + 55, m - 4 = -k*p. Let o(s) = 11*s - 7. What is the remainder when o(3) is divided by m?
6
Let n(c) = -18*c - 120. What is the remainder when 106 is divided by n(-7)?
4
Let r = -362 + 387. What is the remainder when 71 is divided by r?
21
Suppose 10*i - 28 = 982. Suppose -31 - i = -4*t. Calculate the remainder when t is divided by 13.
7
Suppose 0 = 6*w + 5 - 23. Calculate the remainder when 144 is divided by w.
0
What is the remainder when 168 is divided by (-12)/8 - 2*(-58)/8?
12
Suppose 0 = 3*u - 1 + 4, 3*j - 2 = 2*u. Suppose j = -19*g + 24*g - 220. Calculate the remainder when g is divided by 15.
14
Let x = -45 + 158. Let y = x - 104. What is the remainder when 26 is divided by y?
8
Suppose -20*q + 200 + 300 = 0. What is the remainder when 71 is divided by q?
21
Suppose -44*i - 19*i + 1008 = 0. Let x(s) = 12*s - 5. What is the remainder when x(4) is divided by i?
11
Suppose 3*h = -4*d + 553, 3*d - 11*h = -13*h + 416. What is the remainder when d is divided by 29?
26
Let t(d) = 123*d**2 + 2*d - 1. Let a = -4 + 36. What is the remainder when t(1) is divided by a?
28
Suppose 5*d - 9 = 21. Let k(x) be the third derivative of -x**6/120 + x**5/10 + 4*x**3/3 + 80*x**2. What is the remainder when 29 is divided by k(d)?
5
Let k(d) = -4*d + 86. What is the remainder when 22 is divided by k(20)?
4
Let s = -7 - -11. Suppose -r - 2 = 2*i - 8, s*i - 16 = -r. Calculate the remainder when r/18 - 101/(-9) is divided by 3.
2
Let z(y) = -y**3 - 24*y**2 + y + 21. Let i be z(-24). What is the remainder when 2/(2 - 4)*-11 is divided by (-8)/i - (-2)/6?
2
Let v(q) = -q**3 + 6*q**2 + 10*q + 27. Suppose 4*g - 132 = -2*g. Calculate the remainder when v(6) is divided by g.
21
Suppose -4*p + 4*q = -76, -38*q = -3*p - 43*q + 17. Let w = 1 + 24. What is the remainder when w is divided by p?
11
Suppose 2*u + 5*k = 132, u + 5*k = -2*u + 193. Let w be (-17)/34 - (-14)/4. Suppose -63 = -0*l - w*l. What is the remainder when u is divided by l?
19
Suppose -48 = -2*x + 5*x. Let v = 17 + x. Calculate the remainder when ((-4)/(-4) - -78)*v is divided by 16.
15
Let k(a) = 19*a + 2. Let x be k(1). Let f be x/7 + 1/1. Suppose -f*b + 7 = -73. What is the remainder when 38 is divided by b?
18
Calculate the remainder when (-12)/(-10) - 1 - 987/(-15) is divided by 28.
10
Let p = 9 + -8. Let i(r) = 2*r**3 + r**2. Calculate the remainder when -2*1*((-9)/2 - -1) is divided by i(p).
1
Let d be 46/(4 + (-28)/8). Suppose b + d = 2*b. Calculate the remainder when b is divided by 19.
16
Suppose -4*c + 156 = -3*n, 8*c + 3*n - 24 = 7*c. What is the remainder when c is divided by 22?
14
Let r = -190 - -657. Calculate the remainder when r is divided by 36.
35
Suppose 2*p = -5*t + 125, 2*p - 3*t - 240 = -p. Suppose 0 = 5*k + 2*f - 99, 5*k - 2*f - 67 - 24 = 0. What is the remainder when p is divided by k?
18
Let g = 17 + -14. Let b(x) = x**2 + x - 3. Let z be b(g). Suppose 17 = 5*v - 0*v - 2*q, -4*v - 3*q + z = 0. What is the remainder when 3 is divided by v?
0
Suppose 2*o - 36 = -2*o. Calculate the remainder when (332/12)/(3/o) is divided by 21.
20
Let j(s) = 14*s - 72. Let k be j(6). Suppose 11*u = k*u - 49. Calculate the remainder when u is divided by 13.
10
Suppose -30*y - 741 = -1669 - 2432. Let z(i) = 37*i**2 + 2*i - 1. What is the remainder when y is divided by z(1)?
36
Let a(t) be the second derivative of t**5/20 - t**4/6 - t**3/6 + t**2/2 - 22*t. Let g = 11 + 7. What is the remainder when a(5) is divided by g?
17
Suppose -12 = -2*f - g, -5*g - 19 + 2 = -f. Let q(v) = 2*v**2 - 15*v + 52. Calculate the remainder when q(4) is divided by f.
3
Let b = 115 - -629. Calculate the remainder when b is divided by 107.
102
Let i(g) = -7*g**2 + 72*g - 3. What is the remainder when 113 is divided by i(10)?
11
Let t = -23 + 29. Suppose 0 = 2*s - s + 4*b - t, b = 0. Calculate the remainder when 17 is divided by s.
5
Let q(d) = 3*d**2. Let i be q(1). Suppose -2*b - 54 = -i*b. Suppose -17*h + 57 = -13*h - k, 0 = h + k - 13. Calculate the remainder when b is divided by h.
12
Let x be 8/(-6) - (-57)/9. Suppose x*t - 5*l + 8*l - 28 = 0, -5*l - 12 = t. Calculate the remainder when 23 is divided by t.
7
Let n(p) = 3*p - 1. Suppose -69*h + 41 = -68*h. What is the remainder when h is divided by n(5)?
13
Let n be (-2)/4*(-96)/16. Suppose -52 = -n*q + 4*j, 2*q - 38 = 3*j - 2*j. Let u = -18 + q. What is the remainder when 5 is divided by u?
1
Suppose 0 = 33*h - 857 - 529. What is the remainder when 103 is divided by h?
19
Let m = -331 + 434. Calculate the remainder when m is divided by 38.
27
Let t = 395 - 262. What is the remainder when t is divided by 127?
6
Calculate the remainder when 2 - 30*(-5)/(-25)*-21 is divided by 26.
24
What is the remainder when (-18)/(-63) + (-192)/(-14) is divided by 6?
2
Let r = -511 - -1103. Let g = -353 + r. Calculate the remainder when g is divided by 48.
47
Let n = 151 - 147. Let x(r) = 9*r**2 + 3*r + 11. What is the remainder when x(n) is divided by 28?
27
Let u be (-18)/(-8)*-3 + 309/412. Let m be 4/14 + 10/14. What is the remainder when (m + 2)*(-118)/u is divided by 15?
14
Suppose -12*o + 135 = -33. What is the remainder when 53 is divided by o?
11
Let t(x) = -36*x + 41. What is the remainder when t(0) is divided by 25?
16
Let q(k) = 5*k**2 + k + 3. Let l be q(-2). Suppose l = -p + 27. Calculate the remainder when 10 is divided by p.
4
Let c(n) = 2*n**2 + 21*n - 20. What is the remainder when 90 is divided by c(-12)?
10
Suppose -2*r = 3*x - 47, 0*r + r = 5*x + 4. Let z = 14380 - 14326. Calculate the remainder when z is divided by r.
16
Calculate the remainder when (16/(-6))/((-14)/2583) is divided by 17.
16
Let d(t) = -1. Let s(b) = 3*b - 5. Let a(i) = 6*d(i) - s(i). Let m be a(-6). Let l = m + -6. Calculate the remainder when 30 is divided by l.
8
Let b = 86 - 81. Suppose -4 = -2*y + 5*l, 3*y - 10 = -2*y + 4*l. Suppose 3*w = -y*k + k + 23, 4*k = 5*w + 41. What is the remainder when k is divided by b?
4
Let n(i) = -2*i**3 - 3*i**2 + 11*i + 14. Suppose 0 = 3*v - 53 + 2. What is the remainder when n(-4) is divided by v?
16
Suppose 3*m - 207 = -5*q, -29 = -m - 3*q + 40. What is the remainder when m is divided by (2/3)/((-6)/(-90))?
9
Let t(w) = -15*w - 36*w + 19 + 18 - 5. Calculate the remainder when t(-7) is divided by 30.
29
Suppose 119 + 15 = 3*b + 4*n, 5*b + 5*n = 220. What is the remainder when b is divided by 261/12 + 2/8?
20
Suppose 3*p = t +